t v = -42 - -69. Calculate the highest common factor of v and n.
9
Let p(a) = 1140*a + 184. Let o be p(3). What is the highest common factor of o and 68?
68
Let p be 20 + 12*(-6)/(-18). Let n be p*(4 - (-35)/(-20)). Calculate the greatest common divisor of 6 and n.
6
Suppose 0 = s - 16 - 0. Let m(g) be the first derivative of -g**3/3 - 17*g**2/2 - 48*g + 162. Let l be m(-4). Calculate the highest common factor of s and l.
4
Let i = 61 - 32. Suppose 0 = 4*m + 3*l - 4, -19 = 3*m - 2*l - 5. Let u be (m + (-52)/3)/((-2)/3). Calculate the highest common factor of u and i.
29
Let m(b) = -b**2 - 17*b - 28. Suppose 0 = -23*a + a - 44. Let j be m(a). Calculate the greatest common factor of j and 64.
2
Let z(q) = -q**2 + 58*q + 694. Let w be z(65). What is the greatest common divisor of 2 and w?
1
Suppose -a = -36 + 12. Let s be ((-168)/96)/(2/(-32)). Let h be (s + 0)/(-4) - -23. Calculate the greatest common factor of h and a.
8
Let o = 21 + -17. Suppose b + q + 4*q = -5, -o*b + 3*q + 72 = 0. Let k be (b - (-8)/(-4)) + 0. What is the highest common factor of k and 39?
13
Suppose 8*r = 27*r - 15*r - 64. What is the highest common divisor of r and 3424?
16
Let f be 12/32 - 57323/(-56). Calculate the highest common factor of f and 192.
64
Let f(z) be the third derivative of -z**4/8 - 19*z**3/6 + z**2 + 1. Let i be f(-21). What is the highest common factor of i and 286?
22
Let h be 3 - 0 - 21/(11 - 4). Let b be (h/22 - (98 + 1))*-1. What is the greatest common divisor of b and 11?
11
Suppose 190*q + 2928 = 196*q. Let y be ((-330)/(-40))/(6/q). What is the greatest common divisor of y and 61?
61
Let s(z) = z**2 - 38*z - 633. Let v be s(51). Let c = 99 - -246. What is the greatest common divisor of c and v?
15
Let t(i) = 68*i - 7638. Let s be t(133). What is the greatest common divisor of s and 133?
19
Let a(f) be the second derivative of f**5/20 - f**3/6 + 13*f. Let o be a(-1). Suppose o = -5*k + 72 - 22. What is the highest common divisor of k and 10?
10
Suppose -63741 = -55*w - 33691 + 40240. What is the greatest common factor of w and 36?
18
Let k be (-7636)/(-342) + (-20)/90 + (-78)/741. Let m be 1/2 + 6/4. What is the highest common factor of k and m?
2
Suppose r + 0*o - 140 = -o, 3*r - 412 = 5*o. Suppose 0 = r*h - 133*h - 2622. Calculate the highest common factor of 46 and h.
23
Let o be ((-130)/(-39))/((-2)/3) - -4. Let u be (-13 - (-3 - o))*(-5)/5. Suppose g = 3*g - 66. What is the greatest common divisor of u and g?
11
Suppose -24*u + u - 33*u + 1960 = 0. What is the greatest common factor of u and 2884?
7
Let f be (6/(-18))/(4/(-252)). What is the greatest common divisor of f and 2051?
7
Suppose 5*c - 3*m = -5*m - 858, 0 = -5*c + 2*m - 842. Let q = c - -226. Calculate the greatest common divisor of q and 7.
7
Suppose -73 = 7*o - 115. What is the greatest common divisor of o and 114?
6
Let a be (-3)/10 - (-10 + (-21689)/230). Calculate the greatest common divisor of 221 and a.
13
Let r(i) = 23*i**3 - 5*i**2 - i + 2. Let u be r(1). Let n be u*(3 - (-33 + 7)). What is the greatest common factor of 19 and n?
19
Let k(j) = -j**3 - 7*j**2 + 242*j - 135. Let s be k(12). Let q(w) = 2*w**2 - 7*w + 6. Let r be q(7). Calculate the greatest common divisor of s and r.
11
Let b be -11 - -7 - -138 - (0 - -4). Let o = -3 - -7. Let c be (13/2)/(o/16). What is the highest common factor of c and b?
26
Let o = -19040 - -27126. What is the highest common factor of 26 and o?
26
Let x = 3616 + -2967. Calculate the highest common divisor of x and 55.
11
Suppose -3*a + 3*w = -204, 87 + 1 = a - 5*w. What is the highest common factor of 147 and a?
21
Let m(a) = 147 - 188 + 18*a**2 + 137*a**2 + 21*a. Let k be m(2). Calculate the greatest common divisor of 23 and k.
23
Let l(m) = -m**2 - m + 2. Let b be l(0). Suppose 3*k + 17 = -2*u, -2*k + 7*k = -2*u - 19. Let z be -7 + 4/2 - u. Calculate the highest common factor of z and b.
2
Suppose 268 = 4*u - 544. Suppose -4*o + 13 = 5*p - 2*p, 2*p - 1 = 5*o. Suppose -6*k + 87 = -p*k. Calculate the greatest common factor of u and k.
29
Suppose 144*m - 738525 = -85*m. Calculate the highest common factor of 150 and m.
75
Let a be 57 - (16 + (-110)/10). What is the greatest common divisor of a and 3172?
52
Let n(p) = -p - 1. Let v(q) = 24. Let c(o) = -2*n(o) - v(o). Let u be c(11). Let i be 3 - 2 - (u + -7). Calculate the highest common divisor of 40 and i.
8
Suppose 0 = r + 2*r - 9. Let p be (-1 - 4) + 10 + 15. Suppose -p*c + 25*c - 120 = 0. Calculate the highest common factor of c and r.
3
Let b be 40 + -1 + (-238 - -219). Calculate the highest common divisor of 730 and b.
10
Let u = -95 - -32. Let c = u + 74. Let t = 36 + -25. Calculate the greatest common factor of t and c.
11
Let u be 1/3 - 125/(-3). Let o be (-13380)/(-160) + (2583/168 - 15). What is the greatest common factor of o and u?
42
Let o(a) = 7*a**2 - 20*a + 2. Let z be o(3). Let u(l) = 19*l + 26. Let f be u(z). Calculate the highest common divisor of 11 and f.
11
Let g = -9794 + 9824. What is the highest common divisor of 790 and g?
10
Let k = -6 + -24. Let o(w) = -w**3 - 28*w**2 + 53*w - 21. Let g be o(k). Calculate the greatest common divisor of 81 and g.
27
Let v = -3 - -1. Let i(w) = w**2 - 3*w - 3. Let m be i(v). Suppose 3*u = 4*b + 17 + 9, b + 66 = 5*u. Calculate the greatest common factor of u and m.
7
Let m be ((-3590050)/(-399))/25 - (-4)/42. Calculate the greatest common factor of 4860 and m.
180
Suppose 0 = -25*u - 3*u - 84. Let r be (u/4)/(4/(-90*8)). Calculate the highest common divisor of 27 and r.
27
Suppose -8 = -12*a + 8*a + c, -4*c = 0. Suppose -3*v = 4*p - 2*p - 10, -5*p - a*v = -14. Calculate the highest common factor of p and 74.
2
Let c(u) = -u**3 + 16*u**2 - 15*u + 12. Let j be c(15). Let i be ((-189)/j)/(-3)*(-80)/(-3). Calculate the highest common factor of 56 and i.
28
Let p = -2217 + 2297. What is the greatest common divisor of p and 1980?
20
Suppose -183940*y + 183984*y - 132 = 0. Let w be ((-6)/4)/((-1)/28). What is the greatest common divisor of w and y?
3
Let k = 9664 + -9636. What is the greatest common divisor of 287 and k?
7
Let x be 8/(-12)*(10*4/20 + -182). Let o = -11 - -11. Suppose 5*a - 60 = -4*p, -a + p = -o*a - 12. What is the highest common divisor of a and x?
12
Let r be (-1 + 0)/((-325)/36 + 9). Calculate the greatest common factor of r and 956.
4
Let f(p) = -p**3 + 14*p**2 - 27*p + 6. Let d be f(10). Let z(c) = -c**2 - 28*c - 45. Let l be z(-21). Calculate the greatest common factor of d and l.
34
Suppose -8646 = -5*n - 5*d + 57659, 53008 = 4*n - 5*d. Calculate the greatest common factor of 81 and n.
27
Suppose 2932*t - 17940 = 2922*t. Calculate the highest common divisor of t and 78.
78
Let i(r) = -740*r + 3445. Let q be i(-6). What is the greatest common factor of 166 and q?
83
Let k be -5*1 - (-14 - 10). Suppose -y = k - 23. Suppose 5*u - 23 = -3. Calculate the highest common divisor of u and y.
4
Let g be (-84)/((1/6)/(12/(-18))). Suppose -3*t = 2*p - g, -10*t - 4*p = -5*t - 562. What is the highest common factor of t and 20?
10
Let z be (468/325)/(-18) + (-11054)/(-50). What is the highest common factor of 31382 and z?
221
Suppose -3*a = -7*n + 2*n + 5, 3*n - 3 = 4*a. Suppose -4*h + 7*h - 72 = a. Let m = 192 + -96. What is the greatest common factor of m and h?
24
Suppose 26*c - 43 = 24*c + 11. What is the greatest common divisor of 4 and c?
1
Suppose -2*l + 3*o + 31 = 0, -17*o = -12*o - 5. Let b(v) = -19 + v**2 + 12*v - 2*v**2 + 16*v. Let d be b(l). Calculate the greatest common factor of 21 and d.
21
Let v be 6/21*28 - -7. Let x = 1435 - 977. Let i = x - 263. Calculate the greatest common factor of v and i.
15
Let m(d) = -12*d - 160. Let f(g) = g**3 + 5*g**2 - 2*g - 8. Let b be f(-6). Let s be m(b). Calculate the greatest common divisor of s and 64.
32
Let s be (3*-1)/(-3)*(-6 - -11). Suppose -58 = -5*c + 2*c + s*v, 0 = 5*v + 10. Suppose 2*a - 11 = 37. Calculate the greatest common factor of c and a.
8
Let h be (6/(-10))/((-3)/15). Suppose -4*i + h*i = t - 13, t = -5*i + 57. Let a(f) = 8*f + 29. Let l be a(17). What is the greatest common factor of i and l?
11
Let r = -19 - -29. Let f = -430 - -223. Let d = 317 + f. Calculate the greatest common divisor of d and r.
10
Suppose -2*z = z - 27. Let y(u) = -3 + 0 + 2 + 16